se 0 = -5*b - o*r + 133740, -14*r + 13*r - 80240 = -3*b. Is b a prime number?
False
Let d = 36990 - 3311. Is d prime?
True
Suppose -4*n = -4*v - 6780, n - 2*v - 668 - 1032 = 0. Suppose 702 = 2*k - 3*g - 145, 4*k - 2*g - n = 0. Is k composite?
True
Let d = -162840 - -291835. Is d a composite number?
True
Is (-407071)/(-2) - (1210/44 - 29) a prime number?
False
Suppose 3*n = 4*k + 9, 3*n - 11 + 2 = -5*k. Let z(f) = 170 + f - 454 + 1533. Is z(k) prime?
True
Let z(q) = 1342*q**2 - 20*q - 295. Is z(-9) a prime number?
True
Let t = -17 + 25. Suppose -3*v = -v - t. Suppose v*j + 0*j = 572. Is j a composite number?
True
Let g = -18186 + 32015. Is g a composite number?
False
Let k be -5 - (-84)/15 - (-25927)/5. Let t = 15673 - k. Is t a composite number?
False
Let l(u) = -134*u + 2721. Is l(-45) prime?
False
Suppose -2*b = -136808 - 117890. Suppose -b = -22*i + 61433. Is i prime?
True
Let j = -81281 + 350518. Is j prime?
True
Let c(f) = 13472*f**2 + 546*f - 1649. Is c(3) prime?
False
Let f = 219185 - 113538. Is f a composite number?
True
Suppose 0 = 4*i + 2*w - 1132722, 866*i + w - 1132715 = 862*i. Is i a prime number?
False
Suppose 3*l + 146 = 5*j - 430, 348 = 3*j - 3*l. Let z(g) = 5*g - 19. Let t be z(11). Suppose -5*n - t + 11 = 0, -3*n = 3*k - j. Is k prime?
True
Let t(v) = 16943*v**3 - 13*v**2 + 22*v + 1. Is t(2) a prime number?
False
Let y(q) = -9*q - 5. Let p be y(-1). Suppose 4*n = -p*n - 56. Is -5 + n/((-35)/3930) a prime number?
False
Let f(w) = 2*w**3 - 5*w**2 + 2*w + 3. Let i be f(8). Suppose 4960 = -25*t + 37560. Let o = t - i. Is o prime?
False
Let f(d) = 6 - 2 + 18*d**2 - 12 - 3*d + 7. Let r be f(1). Suppose 18*n - 4244 + r = 0. Is n a composite number?
True
Suppose 5*i = -4*l - 7930 - 24022, 3*i = 0. Let d = l + 11931. Is d composite?
False
Is 5190/90*(2 + (375 - -4)) prime?
False
Let a(z) = z**2 - 5*z + 6. Let g be a(4). Let m be 0 - (0 + -570)/g. Let r = m + 42. Is r a composite number?
True
Let m(h) be the third derivative of h**6/120 - h**5/12 - h**4/4 - 26*h**2. Let k be m(6). Suppose k = 35*z - 36*z + 157. Is z a composite number?
False
Let p = -104 - -117. Let s(g) = 1346*g - 55. Is s(p) prime?
True
Suppose 5*y = -2*i + 397579, 325907 - 87341 = 3*y - 5*i. Is y prime?
False
Suppose -3*d = 2*y + 47, -4*d = 2*y + d + 57. Let n be (12/y)/(21/(-56)). Is 1793*n + -3 + 6 a composite number?
True
Let i be (-2 - -9)/(-21) - 334094/(-6). Suppose -i = -12*j - 11054. Is j a composite number?
False
Is 198/22 - (8/(-2) - -3)*272122 a prime number?
True
Suppose 0 = -4*x - o - 24, 2*o = -4*x - 6 - 18. Let f be (-2)/6 - (-34)/x. Is (-3242)/f*3 - -2 prime?
False
Is (-15)/((-405)/(-189)) + (-67625)/(-1) a prime number?
False
Let c(s) = 153*s + 3. Let d(a) = a**3 - 4*a**2 - 23. Let p be d(5). Let w be c(p). Suppose -71*l = -74*l + w. Is l composite?
False
Is 504690/(-4)*136/(-204) a composite number?
True
Suppose 122*o + 63429 = 134*o - 451215. Is o prime?
False
Let i = -11 - -32. Let t be (i/2)/(42/5096). Let l = 2673 - t. Is l a composite number?
False
Suppose 0*i + i - 4*l - 912 = 0, 0 = -2*i - 5*l + 1772. Let o = i + 330. Is o a prime number?
False
Suppose 5*t - 7484 + 949 = 0. Let z be (-6)/8 + t/12*3. Is z/((-4)/(-10)*5) a composite number?
False
Let w = 255 + -252. Is (2619/(-81))/((-1)/w) a composite number?
False
Let z(c) be the first derivative of -c**4/4 - c**3 - 3*c**2/2 + 5*c + 3312. Let f be 4/10 + 186/(-15). Is z(f) prime?
False
Let x(u) = -14*u**2 - 10*u - 24. Let q(r) = -r**2 + r. Let n(g) = -12*q(g) + x(g). Let p be n(-15). Let m = p + 218. Is m a prime number?
False
Let i be 1264/(-30) + (-26)/(-195). Is (-12)/(-14) + -1*251166/i a composite number?
False
Suppose 0 = -143*g + 322*g + 267*g - 29564894. Is g composite?
True
Let v(o) = 38*o - 9. Let u be v(4). Suppose -2*k - u - 51 = 0. Let p = k + 186. Is p a composite number?
False
Let n be 5*(-1 - 13)/(-14 + 4). Suppose 2997 = n*g + 20*g. Is g a composite number?
True
Let f(l) = 93560*l**2 - 37*l + 8. Let h be f(-8). Is h/144 - (8/(-3) + 2) composite?
True
Suppose -2*d = -2*o + 40920 - 10884, 15023 = o - 2*d. Is o prime?
True
Let d(i) = 31*i**2 + 657*i + 123. Is d(54) a composite number?
True
Suppose 9*f = 3*f + 3*f + 100131. Is f prime?
True
Suppose 4*a - 2*y + 2 = 0, 4*y = -4*a - y + 33. Suppose 0 = -5*j - 5*i - 50, j - a = -2*i - 15. Is -17 + 13 - j*6 a prime number?
False
Suppose -5*x - 19 = 4*o, 0*o - 5*o - 50 = x. Let y(w) = -w**2 - 10*w + 13. Let v be y(o). Is (-27234)/(-27) - v/(-6) a prime number?
True
Let d(y) = 68*y**3 + 3*y**2 - y - 3. Let o be 15*(-10)/(-30) - (-1 - 1). Is d(o) prime?
False
Let y(s) = -s**2 - 8*s - 3. Let r be y(-7). Let v be (-4)/(2 - 6) - (2 + -6). Is (1 + r)/v*919 composite?
False
Let j(t) = -8*t**3 + 2*t**2 - 9*t + 12. Let a be j(4). Let p = a - -985. Is p a prime number?
False
Suppose 2*c = -2*t - 2*t - 752, 1122 = -3*c - 3*t. Let i = c + 1025. Is i a prime number?
True
Let u be (-12)/24*0/10. Suppose r - 10 = -4*r. Suppose 3*z + r*z - 12715 = u. Is z composite?
False
Let m be (5 + 1247)*2/(-4). Let z = 978 + m. Let h = z + -45. Is h a composite number?
False
Is (-2)/(36/(-540554)) - (-52)/234 a prime number?
False
Let p be (-9)/(27/(-6)) - (0 - 0). Let u be 2 - (-3 + p) - (-3927 - -4). Suppose 0 = -4*w - 2*b + u, w - 5*b + 0*b - 987 = 0. Is w prime?
False
Let i(w) = 633*w**2 + w + 1. Let c(o) = 5*o - 8. Let q be c(14). Let k = q + -61. Is i(k) prime?
False
Suppose d - 4*d + h - 48 = 0, -3*d - 39 = -4*h. Let o = -13 - d. Suppose -o*x + x = -1407. Is x a composite number?
True
Let i be 8 + -2 - (2 - 3/3). Suppose -11 = v + 4*g, i*g + 35 = 5*v - 10. Is (v + (-9125)/(-10))*2 a prime number?
False
Suppose -5*j = 2*y - 4*j + 1, y - 22 = 4*j. Suppose -6069 = -3*p + 3*w, 10127 = 5*p - 3*w + y*w. Suppose 4*i - p - 666 = 0. Is i a prime number?
True
Let v be 1*-3*4/(-6). Let t(s) = -8*s + 56*s**2 - 120 + 49*s**2 + 125. Is t(v) composite?
False
Let c = 160394 + 134112. Is c a prime number?
False
Suppose 12366 - 3959 = 3*o - 4*y, -y = 4*o - 11222. Suppose -5*f = -4*f - o. Is f/7 - ((-33)/(-7) + -5) prime?
True
Let z(c) = c**2 - 12*c - 11. Let m be z(17). Let k = -10 + m. Suppose -115 - k = -f. Is f a composite number?
False
Suppose 306 + 58 = 7*b. Let n = b - 60. Let g(c) = -84*c + 1. Is g(n) a prime number?
True
Let y = 49503 + -13741. Is y prime?
False
Suppose 0 = -78*c + 11636147 + 25593331. Is c a prime number?
False
Let r(j) = -10*j + 177. Let n be r(18). Is n/((-6)/4424) - 9 a prime number?
True
Let w = -5548 - -9294. Let k = w + -2470. Suppose -k = -11*g + 473. Is g a prime number?
False
Let p(y) = 79*y**2 + 3*y + 7. Suppose -4*x - 16 = -3*n - n, 0 = 5*x - 4*n + 20. Let g be (36/x)/3*1. Is p(g) composite?
False
Let n(f) = -2759*f - 9. Let x = 235 + -237. Is n(x) prime?
False
Suppose -5*j + 2*j = -2*x, 2*x - 8 = j. Suppose -x*z - 594 = -4908. Is z a composite number?
False
Let o(x) = 2*x**2 - x + 1. Let y be o(2). Suppose y*v - 9953 = 13560. Is v a composite number?
False
Suppose 4*q + 18 - 34 = 0. Suppose -4*t + t + b + 3777 = 0, -b = -q*t + 5036. Is t a prime number?
True
Suppose 5*u + 160 = u + 4*o, u + 3*o + 32 = 0. Let j be (9 - 123)*(-3)/(-2). Is 298/3*j/u composite?
True
Suppose -42*d = -36*d - 1458. Suppose 0 = -d*u + 239*u + 5036. Is u composite?
False
Let z(r) = 21*r + 39. Let a(n) = -11*n - 20. Let l(g) = -9*a(g) - 5*z(g). Let v be l(-3). Suppose -o + 5*s + 455 = 89, -739 = -2*o + v*s. Is o composite?
True
Let o = -172539 + 433252. Is o a prime number?
True
Is (-304552)/(-24)*(0 + 1)*3 composite?
False
Let x = 70405 + -35570. Is x composite?
True
Is ((-12)/(192/424))/(2/(-956)) prime?
False
Let s(l) = l**2 - 16*l - 32. Let w be s(17). Let o = -10 - w. Suppose o*i = 8542 - 2687. Is i prime?
True
Suppose 16*j - 62988 = 30388. Suppose -38*d + j = -34*d. Is d a composite number?
False
Suppose 4*w - n - n - 20 = 0, -3*w - 5*n - 11 = 0. Let o(q) = -21*q**2 - q - 8. Let a(j) = 10*j**2 + 4. Let t(z) = w*o(z) + 7*a(z). Is t(2) a composite number?
True
Let a(o) = 7*o**3 - 11*o**2 + 47*o - 3. Let l(v) = 3*v**3 - 6*v**2 + 24*v - 1. Let q(p) = -2*a(p) + 5*l(p). Suppose 8*k + 3*k - 59 = 29. Is q(k) prime?
False
Let m be -8*9/4*40/30. Is (8530/(-3))/(-5)*m/(-16) prime?
True
Let c(h) be the second derivative of 1353*h**5/20 - h**4/6 + 5*h**2/2 - 45*h 